the remainder when 710308 is divided by 13?
1
Calculate the remainder when 76095170 is divided by 13.
8
What is the remainder when 632002 is divided by 37157?
333
Calculate the remainder when 585481 is divided by 292437.
607
Calculate the remainder when 84222708 is divided by 135.
123
Calculate the remainder when 1959766 is divided by 130651.
1
What is the remainder when 4352 is divided by 1022?
264
Calculate the remainder when 15008950 is divided by 2108.
2098
What is the remainder when 26228 is divided by 5216?
148
What is the remainder when 16280612 is divided by 28070?
12
What is the remainder when 325603 is divided by 1472?
291
Calculate the remainder when 129978 is divided by 57.
18
Calculate the remainder when 3014598 is divided by 1788.
30
What is the remainder when 8916794 is divided by 185?
164
Calculate the remainder when 5768784 is divided by 5768725.
59
Calculate the remainder when 27492 is divided by 1160.
812
Calculate the remainder when 1718345 is divided by 144.
137
Calculate the remainder when 50965332 is divided by 45.
42
Calculate the remainder when 949741 is divided by 474865.
11
What is the remainder when 684604 is divided by 1769?
1
Calculate the remainder when 1509479 is divided by 107811.
125
What is the remainder when 124844 is divided by 1292?
812
What is the remainder when 248357 is divided by 2410?
127
Calculate the remainder when 1612707 is divided by 1013.
11
What is the remainder when 4068203 is divided by 48?
11
Calculate the remainder when 19395877 is divided by 865.
847
Calculate the remainder when 90419 is divided by 8168.
571
What is the remainder when 166235160 is divided by 3324703?
10
Calculate the remainder when 147521 is divided by 5463.
20
What is the remainder when 1579997 is divided by 71818?
1
Calculate the remainder when 1895092 is divided by 315843.
34
Calculate the remainder when 233393 is divided by 1072.
769
What is the remainder when 3021119 is divided by 131352?
23
What is the remainder when 81694 is divided by 13580?
214
Calculate the remainder when 13015409 is divided by 2666.
2663
Calculate the remainder when 67515778 is divided by 1433.
1416
What is the remainder when 3494106 is divided by 2263?
34
What is the remainder when 55912 is divided by 741?
337
What is the remainder when 47428757 is divided by 9985?
7
What is the remainder when 3873629 is divided by 3873615?
14
Calculate the remainder when 1398225 is divided by 93213.
30
What is the remainder when 23101 is divided by 23089?
12
Calculate the remainder when 38248833 is divided by 71.
68
Calculate the remainder when 28870300 is divided by 4124327.
11
What is the remainder when 193000 is divided by 48?
40
Calculate the remainder when 1078384 is divided by 538766.
852
Calculate the remainder when 8072663 is divided by 55.
38
What is the remainder when 87924 is divided by 365?
324
Calculate the remainder when 36653729 is divided by 18326860.
9
Calculate the remainder when 607306 is divided by 303616.
74
What is the remainder when 18600134 is divided by 3?
2
Calculate the remainder when 216169 is divided by 2258.
1659
Calculate the remainder when 283431 is divided by 141027.
1377
Calculate the remainder when 1458210 is divided by 254.
250
What is the remainder when 14128338 is divided by 14?
0
Calculate the remainder when 1869432 is divided by 79.
55
What is the remainder when 1270588 is divided by 52?
20
Calculate the remainder when 506004478 is divided by 14234.
12
What is the remainder when 217801 is divided by 494?
441
What is the remainder when 410149 is divided by 24022?
1775
What is the remainder when 162982 is divided by 2397?
2383
Calculate the remainder when 2324608 is divided by 1307.
762
What is the remainder when 1991906 is divided by 86604?
14
What is the remainder when 1514625 is divided by 14?
7
Calculate the remainder when 949366 is divided by 51.
1
What is the remainder when 584112 is divided by 97308?
264
What is the remainder when 1010548489 is divided by 54?
49
What is the remainder when 74701 is divided by 74326?
375
What is the remainder when 58732505 is divided by 2025258?
23
Calculate the remainder when 170981 is divided by 7.
6
What is the remainder when 10784867 is divided by 493?
492
What is the remainder when 31645276 is divided by 527?
507
Calculate the remainder when 4876945 is divided by 4876591.
354
Calculate the remainder when 690037 is divided by 10451.
271
Calculate the remainder when 2071895 is divided by 690630.
5
What is the remainder when 28229518 is divided by 2805?
2803
Calculate the remainder when 354105471 is divided by 3961.
3954
Calculate the remainder when 27699 is divided by 27348.
351
What is the remainder when 135742 is divided by 816?
286
What is the remainder when 3384671 is divided by 35?
31
Calculate the remainder when 75835 is divided by 43.
26
What is the remainder when 525894 is divided by 58429?
33
What is the remainder when 708286 is divided by 232?
222
What is the remainder when 3558069 is divided by 836?
53
Calculate the remainder when 6516256 is divided by 65162.
56
What is the remainder when 24601043 is divided by 52?
51
What is the remainder when 30381 is divided by 3797?
5
What is the remainder when 893212 is divided by 719?
214
What is the remainder when 49283 is divided by 4415?
718
Calculate the remainder when 349924716 is divided by 53.
7
Calculate the remainder when 7037806 is divided by 16443.
202
What is the remainder when 8537544 is divided by 2584?
8
What is the remainder when 3682957 is divided by 368292?
37
What is the remainder when 8811719 is divided by 157?
94
Calculate the remainder when 217220 is divided by 2857.
88
What is the remainder when 1490085 is divided by 1597?
84
Calculate the remainder when 8657635 is divided by 329.
0
Calculate the remainder when 1545 is divided by 16.
9
What is the remainder when 483142 is divided by 483025?
117
What is the remainder when 813990 is divided by 1821?
3
What is the remainder when 1589220 is divided by 227?
220
Calculate the remainder when 6053038 is divided by 1409.
1383
What is the remainder when 37800 is divided by 3408?
312
Calculate the remainder when 222262147 is divided by 11.
8
What is the remainder when 106794 is divided by 106714?
80
Calculate the remainder when 14247796 is divided by 7863.
40
What is the remainder when 532552 is divided by 76031?
335
What is the remainder when 1708545 is divided by 196?
13
What is the remainder when 24859 is divided by 394?
37
Calculate the remainder when 9300129 is divided by 760.
9
Calculate the remainder when 186792 is divided by 109.
75
What is the remainder when 570965750 is divided by 51?
44
Calculate the remainder when 65175789 is divided by 77.
63
Calculate the remainder when 3830550 is divided by 836.
834
What is the remainder when 17551 is divided by 84?
79
What is the remainder when 2374294 is divided by 51570?
2074
What is the remainder when 325915495 is divided by 26?
9
Calculate the remainder when 62863746 is divided by 117.
114
What is the remainder when 24811714 is divided by 72?
10
Calculate the remainder when 418585 is divided by 121.
46
Calculate the remainder when 2690880 is divided by 896958.
6
Calculate the remainder when 11519370 is divided by 116.
106
What is the remainder when 629562 is divided by 20308?
14
Calculate the remainder when 2689788 is divided by 8.
4
Calculate the remainder when 18793769 is divided by 2864.
201
Calculate the remainder when 1806777 is divided by 374.
357
Calculate the remainder when 1980682 is divided by 1899.
25
Calculate the remainder when 648194598 is divided by 37.
34
Calculate the remainder when 5816275 is divided by 11.
3
Calculate the remainder when 504259 is divided by 504190.
69
What is the remainder when 229675074 is divided by 73?
65
Calculate the remainder when 3357921 is divided by 5364.
57
Calculate the remainder when 94774700 is divided by 140.
20
What is the remainder when 146714 is divided by 47679?
3677
Calculate the remainder when 6684094 is divided by 60217.
7
What is the remainder when 76758438 is divided by 340?
38
What is the remainder when 21164357 is divided by 23232?
5
Calculate the remainder when 55191390 is divided by 9.
6
Calculate the remainder when 53474 is divided by 3959.
2007
Wha